{"id":4730,"date":"2026-02-22T09:02:35","date_gmt":"2026-02-22T09:02:35","guid":{"rendered":"https:\/\/zsab.krakow.pl\/?page_id=4730"},"modified":"2026-02-22T09:33:40","modified_gmt":"2026-02-22T09:33:40","slug":"monter-stolarki-budowlanej","status":"publish","type":"page","link":"https:\/\/zsab.krakow.pl\/?page_id=4730","title":{"rendered":"Monter stolarki budowlanej"},"content":{"rendered":"\n<figure class=\"wp-block-image size-large\"><img loading=\"lazy\" decoding=\"async\" width=\"1024\" height=\"722\" src=\"https:\/\/zsab.krakow.pl\/wp-content\/uploads\/2026\/02\/monter-stolarki-budowlanej-1024x722.png\" alt=\"\" class=\"wp-image-4790\" srcset=\"https:\/\/zsab.krakow.pl\/wp-content\/uploads\/2026\/02\/monter-stolarki-budowlanej-1024x722.png 1024w, https:\/\/zsab.krakow.pl\/wp-content\/uploads\/2026\/02\/monter-stolarki-budowlanej-300x212.png 300w, https:\/\/zsab.krakow.pl\/wp-content\/uploads\/2026\/02\/monter-stolarki-budowlanej-768x541.png 768w, https:\/\/zsab.krakow.pl\/wp-content\/uploads\/2026\/02\/monter-stolarki-budowlanej-1536x1083.png 1536w, https:\/\/zsab.krakow.pl\/wp-content\/uploads\/2026\/02\/monter-stolarki-budowlanej.png 2000w\" sizes=\"auto, (max-width: 1024px) 100vw, 1024px\" \/><\/figure>\n\n\n\n<div class=\"wp-block-file\"><a id=\"wp-block-file--media-2f770799-d948-4f20-92db-9b21a43532f5\" href=\"https:\/\/zsab.krakow.pl\/wp-content\/uploads\/2026\/02\/monter-stolarki-budowlanej.pdf\">monter stolarki budowlanej.pdf<\/a><a href=\"https:\/\/zsab.krakow.pl\/wp-content\/uploads\/2026\/02\/monter-stolarki-budowlanej.pdf\" class=\"wp-block-file__button wp-element-button\" download aria-describedby=\"wp-block-file--media-2f770799-d948-4f20-92db-9b21a43532f5\">Pobierz<\/a><\/div>\n\n\n\n<p>W ka\u017cdym budynku, komfort, bezpiecze\u0144stwo i estetyka w du\u017cej mierze zale\u017c\u0105 od jako\u015bci zamontowanej stolarki otworowej. Tu na scen\u0119 wkracza&nbsp;monter stolarki budowlanej&nbsp;\u2013 specjalista odpowiedzialny za profesjonalny monta\u017c, serwis i napraw\u0119 okien, drzwi, bram gara\u017cowych oraz innych element\u00f3w wyko\u0144czenia. To on, z niezwyk\u0142\u0105 precyzj\u0105, znajomo\u015bci\u0105 system\u00f3w monta\u017cowych i dba\u0142o\u015bci\u0105 o ka\u017cdy detal, zapewnia szczelno\u015b\u0107, funkcjonalno\u015b\u0107 i d\u0142ugowieczno\u015b\u0107 tych kluczowych komponent\u00f3w budynku. Monter stolarki budowlanej to nie tylko instalator; to ekspert od uszczelnie\u0144, regulacji i napraw, kt\u00f3rego fachowo\u015b\u0107 jest kluczowa dla komfortu termicznego, akustycznego i bezpiecze\u0144stwa u\u017cytkownik\u00f3w. Bez jego umiej\u0119tno\u015bci, nawet najnowocze\u015bniejsze okna i drzwi mog\u0142yby nie spe\u0142nia\u0107 swoich funkcji, co czyni go niezast\u0105pionym w ka\u017cdym projekcie budowlanym i remontowym.<\/p>\n\n\n\n<p><strong>Mo\u017cesz pracowa\u0107 mi\u0119dzy innymi:&nbsp;<\/strong><br>&#8211;&nbsp;w przedsi\u0119biorstwach budowlanych;&nbsp;<br>&#8211;&nbsp;w przedsi\u0119biorstwach handlowo-us\u0142ugowych, zajmuj\u0105cych si\u0119 sprzeda\u017c\u0105 i monta\u017cem stolarki budowlanej;&nbsp;<br>&#8211;&nbsp;w sp\u00f3\u0142dzielniach i wsp\u00f3lnotach mieszkaniowych;&nbsp;<br>&#8211;&nbsp;w przedsi\u0119biorstwach produkuj\u0105cych stolark\u0119 budowlan\u0105;&nbsp;<br>&#8211;&nbsp;we w\u0142asnej firmie.<\/p>\n\n\n\n<p><strong>Kwalifikacje uzyskiwane w wyniku kszta\u0142cenia:<\/strong><br>Kwalifikacja :<br>BUD.10. Wykonywanie rob\u00f3t zwi\u0105zanych z monta\u017cem stolarki budowlanej.<\/p>\n\n\n\n<p><strong>Absolwent otrzymuje dyplom potwierdzaj\u0105cy kwalifikacje w zawodzie wraz z suplementem do dyplomu \u2013 EUROPASS w j\u0119zyku polskim i j\u0119zyku angielskim (okre\u015blaj\u0105cy ramy kwalifikacji zawodowych uznanych w Polsce i w krajach Unii Europejskiej).<\/strong><\/p>\n","protected":false},"excerpt":{"rendered":"<p>W ka\u017cdym budynku, komfort, bezpiecze\u0144stwo i estetyka w du\u017cej mierze zale\u017c\u0105 od jako\u015bci zamontowanej stolarki otworowej. Tu na scen\u0119 wkracza&nbsp;monter stolarki budowlanej&nbsp;\u2013 specjalista odpowiedzialny za profesjonalny monta\u017c, serwis i napraw\u0119 okien, drzwi, bram gara\u017cowych oraz innych element\u00f3w wyko\u0144czenia. To on, z niezwyk\u0142\u0105 precyzj\u0105, znajomo\u015bci\u0105 system\u00f3w monta\u017cowych i dba\u0142o\u015bci\u0105 o ka\u017cdy detal, zapewnia szczelno\u015b\u0107, funkcjonalno\u015b\u0107 i [&hellip;]<\/p>\n","protected":false},"author":2,"featured_media":0,"parent":0,"menu_order":0,"comment_status":"closed","ping_status":"closed","template":"","meta":{"footnotes":""},"class_list":["post-4730","page","type-page","status-publish","hentry"],"blocksy_meta":[],"_links":{"self":[{"href":"https:\/\/zsab.krakow.pl\/index.php?rest_route=\/wp\/v2\/pages\/4730","targetHints":{"allow":["GET"]}}],"collection":[{"href":"https:\/\/zsab.krakow.pl\/index.php?rest_route=\/wp\/v2\/pages"}],"about":[{"href":"https:\/\/zsab.krakow.pl\/index.php?rest_route=\/wp\/v2\/types\/page"}],"author":[{"embeddable":true,"href":"https:\/\/zsab.krakow.pl\/index.php?rest_route=\/wp\/v2\/users\/2"}],"replies":[{"embeddable":true,"href":"https:\/\/zsab.krakow.pl\/index.php?rest_route=%2Fwp%2Fv2%2Fcomments&post=4730"}],"version-history":[{"count":3,"href":"https:\/\/zsab.krakow.pl\/index.php?rest_route=\/wp\/v2\/pages\/4730\/revisions"}],"predecessor-version":[{"id":4791,"href":"https:\/\/zsab.krakow.pl\/index.php?rest_route=\/wp\/v2\/pages\/4730\/revisions\/4791"}],"wp:attachment":[{"href":"https:\/\/zsab.krakow.pl\/index.php?rest_route=%2Fwp%2Fv2%2Fmedia&parent=4730"}],"curies":[{"name":"wp","href":"https:\/\/api.w.org\/{rel}","templated":true}]}}